What is the remainder when w is divided by 10?
9
What is the remainder when 19 is divided by ((-4)/(-12))/(1/12)?
3
Let z = 6 - 3. Let d(q) = q**z - q - q - 3*q - 2 - 3 - 5*q**2. What is the remainder when 1 is divided by d(6)?
0
Let w = -3 - -7. Suppose 6*h = 7 + 5. Calculate the remainder when w is divided by h.
0
Suppose 0 = 3*q + 3, p - 6*p + 2*q = -32. Let j = -1 + p. Suppose -3*r + a + 18 = -a, 4*r - 38 = -2*a. Calculate the remainder when r is divided by j.
3
Suppose -2*b - 88 = -k, 3*k - 2*k - b = 91. What is the remainder when k is divided by 24?
22
Let l(r) = r**2 - 2*r - 10. What is the remainder when 188 is divided by l(-6)?
36
Let m(v) = 4 + 9*v**2 - 2*v - 2 + 8*v**2 - 1. Calculate the remainder when 31 is divided by m(1).
15
Suppose 2*u - 10 + 2 = 0. Suppose -2 + 31 = u*p - 3*z, -5*p = z - 22. Suppose -p*g = -66 + 21. What is the remainder when 16 is divided by g?
7
Let h(s) = s + 17. Let j be 0*(10/4 + -2). Let a be h(j). Suppose 4*u = a + 15. Calculate the remainder when 22 is divided by u.
6
What is the remainder when (-4 - 3)/((-2)/4) is divided by 8?
6
Suppose 0 = 4*n - 2*n - 28. Calculate the remainder when n is divided by 4.
2
Suppose -16*t + 282 = 58. What is the remainder when 62 is divided by t?
6
Let s(u) = -u + 2. Let g be s(0). Suppose 0 = -g*c + 4. Suppose 0 = 3*k + 3*o - 27, 0 = -4*o - c - 10. Calculate the remainder when 34 is divided by k.
10
Let d = 15 + -8. What is the remainder when 11 is divided by d?
4
Let l = 61 - 43. Calculate the remainder when 34 is divided by l.
16
Let m(r) = r - 1. Let l be m(3). Suppose 0 = l*f + 4*o - 4, 4*f - 3*o = f - 39. Calculate the remainder when 9 is divided by (-2)/f + (-30)/(-8).
1
Suppose -2*f + t + 3 = 0, -t + 11 = 2*f + 2. Let h = -1 - -6. Let j = h - 1. What is the remainder when j is divided by f?
1
Suppose 19 + 20 = 3*x. Let n = x - -7. Let j(w) = w**3 + 7*w**2 - 10*w - 5. Calculate the remainder when n is divided by j(-8).
9
Suppose 3*w - 56 - 12 = 2*j, 0 = -4*w - 5*j + 60. Suppose 2*p = f - 31, -4*p - f - 67 = p. Let y = -7 - p. What is the remainder when w is divided by y?
6
Let j(v) = v. Let k(r) = -2*r - 3. Calculate the remainder when k(-7) is divided by j(4).
3
Let h(y) = -y**3 - 7*y**2 + 2*y + 5. Let i be h(-7). Let p = 5 + i. Let q(g) = -2*g - 3. Calculate the remainder when q(p) is divided by 2.
1
Let f = 35 + -27. Calculate the remainder when 22 is divided by f.
6
Let b = 330 + -174. What is the remainder when b is divided by 40?
36
Suppose 0 = 4*s - s - 4*w, 4*s + 2*w = 22. Suppose 3*d = 4*j - 106, s*d + 124 = d - 5*j. Let k = d - -78. Calculate the remainder when k is divided by 14.
12
Let p = 23 - -5. Suppose -h - x + 22 = 0, -p = h - 2*h + 2*x. What is the remainder when 45 is divided by h?
21
Let h(v) = -3*v - 38. Calculate the remainder when 54 is divided by h(-19).
16
Let y = 35 - 19. Suppose c = -3 + y. Calculate the remainder when 24 is divided by c.
11
Suppose 2*u = -3*u + 45. What is the remainder when 15 is divided by u?
6
Let p = -31 + 35. Calculate the remainder when 18 is divided by p.
2
Let g(w) = 2*w**2 + w + 4. Let v = 5 - 1. Let i be g(v). Let p = i + -17. What is the remainder when p is divided by 12?
11
Let b(d) = 13*d**2 - 2*d - 3. Let y be 6/(-21) + (-32)/(-14). Suppose y*o - 72 = -2*o. What is the remainder when b(-2) is divided by o?
17
Let a(j) = -5*j. Calculate the remainder when 31 is divided by a(-2).
1
What is the remainder when (-113 - -4)*(-3)/3 is divided by 28?
25
Suppose 10 = -g + 29. Calculate the remainder when g is divided by 7.
5
Let m = 195 + -71. What is the remainder when m is divided by 32?
28
Suppose -4*a + r + 56 = 0, 0 = -3*a - 5*r + 33 + 32. Suppose 4*f + 4*t - 3*t - 31 = 0, -2*f + 4*t = -38. Calculate the remainder when a is divided by f.
6
Calculate the remainder when 140/(-30)*(-153)/6 is divided by 31.
26
Suppose j - 77 = -4*o - 2*j, 0 = -2*o - j + 37. Let q(a) = 4*a - 2. Let n be q(-3). Let b = n - -64. Calculate the remainder when b is divided by o.
16
Let p = 108 + -78. Calculate the remainder when p is divided by 19.
11
Let l(m) = 2*m**2 - 4*m. Let u be ((-2)/2)/(-1) + 2. Calculate the remainder when 21 is divided by l(u).
3
Let h(m) = m**3 + 10*m**2 - 27*m - 24. Let o(z) = -z - 4. Let s be o(-6). Suppose s*k = -2*k + 84. Calculate the remainder when k is divided by h(-12).
9
Let s(j) = 3*j - 2. Suppose 0 = -5*l - 5*b + 5, -3*l - 2*b + 2 = -1. Let t(q) = 9*q + 2. Calculate the remainder when t(l) is divided by s(2).
3
Let u be -1 + 2 + 0/(-1). Let g(n) = 36*n**2 + n. Let d be g(u). Suppose 21 + d = 2*y. What is the remainder when y is divided by 10?
9
Suppose -g + 18 = 3*k - 0*g, -4*k = g - 24. Suppose 4*r + k - 26 = -5*y, 0 = 4*y. Let q = 13 - 4. What is the remainder when q is divided by r?
4
Suppose 2*p - 5*p = -18. Let r(b) = 4 + 4*b - 2*b - b + p*b + 2*b**2. What is the remainder when 36 is divided by r(-5)?
17
Let r(o) = -o + 25. Calculate the remainder when r(0) is divided by (-2)/4 - (-27)/2.
12
Let a(o) = -o**2 + 5*o + 3. Let d be a(4). Let h be 6/(-21) - (-450)/d. Suppose -26 = i - h. What is the remainder when i is divided by 10?
8
Let f(p) = p**2 + 13*p - 20. Let s be f(-15). Let c = 18 + s. What is the remainder when 111 is divided by c?
27
Suppose 2*x + 0*x - 4 = 0. Suppose x*k - 7 = 3. Suppose -4*c = k*a - 15, 0 = -3*c - 4*a + 1 + 10. Calculate the remainder when 13 is divided by c.
3
Suppose -5*v = 5*p, -2 = 5*v + 2*p + 4. Let x be (0 - 2)/(v - 0). Let h = 1 + x. What is the remainder when h is divided by 1?
0
Suppose -5*j - 2*n + 137 + 510 = 0, -4*j + 519 = 3*n. Suppose 2*o = -o + j. Suppose -3*p = -8*p + 55. What is the remainder when o is divided by p?
10
Suppose 17 + 1 = p + 4*z, 5*p = -3*z + 56. Calculate the remainder when p is divided by (4 - 7) + 12 - 3.
4
Let r = -20 + 51. What is the remainder when 119 is divided by r?
26
Suppose 5*i = -29 + 104. Calculate the remainder when ((-6)/i)/((-2)/80) is divided by 1/(-2) + 13/2.
4
Suppose 99 = 3*v - 6. Suppose 4*l - v = -11. Calculate the remainder when 10 is divided by l/((-2)/(8/(-6))).
2
Let z(n) = n**2 + 2*n + 2. Let y be z(-4). Let c be 12/(-30) + 1114/y. Let k = c - 65. Calculate the remainder when k is divided by 16.
14
Suppose -w - 5*z = -84, 4*z + 0*z + 157 = 3*w. Suppose -w + 9 = -2*d. Calculate the remainder when d is divided by 7.
4
Let c be (6/2)/(3/(-2)). Let j = c - -5. Suppose 0 = j*d - 0*d - 18. What is the remainder when 10 is divided by d?
4
Let p = -5 + 42. Calculate the remainder when 109 is divided by p.
35
Let y(a) be the second derivative of -2*a + 3/2*a**2 + 7/12*a**4 + 0 + 1/2*a**3. What is the remainder when y(-2) is divided by 9?
7
Suppose f = 16 - 2. Let k = f - -17. Suppose 0 = -3*s + k + 53. Calculate the remainder when s is divided by 15.
13
Suppose -20 = -2*b + 8. Suppose 4*j = 6*j - b. What is the remainder when 209/(-44)*(0 - 4) is divided by j?
5
Let j = 18 + -41. Let n = -16 - j. Calculate the remainder when n is divided by ((-3)/(-5))/(1/5).
1
Suppose 0 = 5*u - 4*s + 30, -5*s - 34 - 21 = 3*u. Let h = 3 - u. Calculate the remainder when 36 is divided by h.
10
Let b(x) be the third derivative of x**5/30 - x**4/12 + x**3/6 + 2*x**2. Calculate the remainder when 37 is divided by b(3).
11
Suppose 4*t - 44 = 5*y + 3*t, -t + 20 = -2*y. Let m = y - -30. Let b = m + 4. Calculate the remainder when b is divided by 9.
8
Let p = 5 - 4. Let a = p + 6. Suppose 18 = 3*u - 2*u. What is the remainder when u is divided by a?
4
What is the remainder when ((-58)/(-5))/(16/40) is divided by 16?
13
Suppose -8*s - 10 = -3*s. What is the remainder when 2/((-4)/(-58)) - s is divided by 11?
9
Let v be 0 - 0 - 3 - -4. Suppose -p - w = -9 - v, -62 = -5*p - 2*w. What is the remainder when 53 is divided by p?
11
Suppose 0*y + 3*y - 36 = 0. Let i = 0 + 7. What is the remainder when y is divided by i?
5
Let y(k) = 20*k**2 - 4*k + 2. What is the remainder when y(2) is divided by 15?
14
Suppose -4*l = -35 - 1. Let b(v) = v**3 - 6*v**2 + 3*v - 3. What is the remainder when b(6) is divided by l?
6
Suppose 3*c - 108 = -c. Calculate the remainder when 107 is divided by c.
26
Suppose -4*p + 428 = 5*g, -3*p + p = -4*g + 332. Calculate the remainder when g is divided by 29.
26
Suppose -f + 0*f + 4*q + 29 = 0, -2*f + 31 = q. Calculate